{"id":74,"date":"2017-10-02T01:09:12","date_gmt":"2017-10-01T23:09:12","guid":{"rendered":"http:\/\/aurelielefebvre.com\/?page_id=74"},"modified":"2026-01-27T13:06:34","modified_gmt":"2026-01-27T12:06:34","slug":"conseil-en-beaute","status":"publish","type":"page","link":"https:\/\/aurelielefebvre.com\/index.php\/conseil-en-beaute\/","title":{"rendered":"Conseil en beaut\u00e9"},"content":{"rendered":"<ul>\n<li>Vous souhaitez sublimer votre visage, apprendre \u00e0 prendre soin de votre peau \u00e0 la maison et d\u00e9couvrir les teintes qui vous mettent vraiment en valeur ?<\/li>\n<li>Vous en avez assez que votre peau tire ou transpire apr\u00e8s le maquillage, ou que vos cernes ressortent malgr\u00e9 vos efforts ?<\/li>\n<\/ul>\n<p>Je vous accompagne pour comprendre votre type de peau, choisir les bons produits et adopter un rituel beaut\u00e9 adapt\u00e9 \u00e0 votre quotidien. Gr\u00e2ce \u00e0 mon exp\u00e9rience de make-up artist et \u00e0 ma formation en conseil personnalis\u00e9, je vous montre comment obtenir un teint lumineux en quelques minutes ou r\u00e9aliser un maquillage plus sophistiqu\u00e9 selon vos envies.<\/p>\n<p>Je propose :<\/p>\n<ul>\n<li>Cours individuels de 2 heures pour apprendre \u00e0 cr\u00e9er votre maquillage sur mesure<\/li>\n<li>Ateliers de 3 heures entre amis pour d\u00e9couvrir techniques et astuces tout en s\u2019amusant<\/li>\n<li>Un accompagnement personnalis\u00e9 avec votre trousse de beaut\u00e9 pour trier vos produits et installer un nouveau rituel durable<\/li>\n<li>Une s\u00e9lection de maquillage naturel et bio (Couleur Caramel, Bio Neuf) et de produits de soin adapt\u00e9s \u00e0 votre peau<\/li>\n<\/ul>\n<p>Avec moi, vous apprendrez \u00e0 vous mettre en valeur, respecter votre peau et r\u00e9v\u00e9ler votre lumi\u00e8re, tout en restant fid\u00e8le \u00e0 votre personnalit\u00e9 et \u00e0 votre style.<\/p>\n<p>\u00a0<\/p>\n<p>\u00a0<\/p>\n<p><img loading=\"lazy\" decoding=\"async\" class=\" wp-image-350 aligncenter\" src=\"https:\/\/aurelielefebvre.com\/wp-content\/uploads\/2017\/10\/20171008_225613-300x300.jpg\" alt=\"\" width=\"309\" height=\"309\" srcset=\"https:\/\/aurelielefebvre.com\/wp-content\/uploads\/2017\/10\/20171008_225613-300x300.jpg 300w, https:\/\/aurelielefebvre.com\/wp-content\/uploads\/2017\/10\/20171008_225613-150x150.jpg 150w, https:\/\/aurelielefebvre.com\/wp-content\/uploads\/2017\/10\/20171008_225613-768x768.jpg 768w, https:\/\/aurelielefebvre.com\/wp-content\/uploads\/2017\/10\/20171008_225613-1024x1024.jpg 1024w, https:\/\/aurelielefebvre.com\/wp-content\/uploads\/2017\/10\/20171008_225613-1260x1260.jpg 1260w, https:\/\/aurelielefebvre.com\/wp-content\/uploads\/2017\/10\/20171008_225613-140x140.jpg 140w\" sizes=\"(max-width: 309px) 100vw, 309px\" \/><\/p>\n\n<div class=\"wp-block-image\">\n<figure class=\"aligncenter\"><img loading=\"lazy\" decoding=\"async\" width=\"300\" height=\"300\" src=\"https:\/\/aurelielefebvre.com\/wp-content\/uploads\/2025\/01\/smoky-3-1-300x300-2.jpg\" alt=\"\" class=\"wp-image-525\" srcset=\"https:\/\/aurelielefebvre.com\/wp-content\/uploads\/2025\/01\/smoky-3-1-300x300-2.jpg 300w, https:\/\/aurelielefebvre.com\/wp-content\/uploads\/2025\/01\/smoky-3-1-300x300-2-150x150.jpg 150w, https:\/\/aurelielefebvre.com\/wp-content\/uploads\/2025\/01\/smoky-3-1-300x300-2-140x140.jpg 140w\" sizes=\"(max-width: 300px) 100vw, 300px\" \/><\/figure><\/div>\n\n<div class=\"wp-block-image\">\n<figure class=\"aligncenter\"><img loading=\"lazy\" decoding=\"async\" width=\"300\" height=\"225\" src=\"https:\/\/aurelielefebvre.com\/wp-content\/uploads\/2025\/01\/oriental-1-300x225-1.jpg\" alt=\"\" class=\"wp-image-526\"\/><\/figure><\/div>\n\n\n<p><\/p>\n\n\n\n<p>Int\u00e9ress\u00e9e(s) ? <a href=\"https:\/\/aurelielefebvre.com\/index.php\/contact\/\">Contactez-moi<\/a> !<\/p>\n","protected":false},"excerpt":{"rendered":"<p>Vous souhaitez sublimer votre visage, apprendre \u00e0 prendre soin de votre peau \u00e0 la maison et d\u00e9couvrir les teintes qui vous mettent vraiment en valeur ? Vous en avez assez que votre peau tire ou transpire apr\u00e8s le maquillage, ou que vos cernes ressortent malgr\u00e9 vos efforts ? Je vous accompagne pour comprendre votre type&hellip; <\/p>\n<p class=\"toivo-read-more\"><a href=\"https:\/\/aurelielefebvre.com\/index.php\/conseil-en-beaute\/\" class=\"more-link\">Lire la suite <span class=\"screen-reader-text\">Conseil en beaut\u00e9<\/span><\/a><\/p>\n","protected":false},"author":1,"featured_media":0,"parent":0,"menu_order":4,"comment_status":"closed","ping_status":"closed","template":"","meta":{"footnotes":""},"_links":{"self":[{"href":"https:\/\/aurelielefebvre.com\/index.php\/wp-json\/wp\/v2\/pages\/74"}],"collection":[{"href":"https:\/\/aurelielefebvre.com\/index.php\/wp-json\/wp\/v2\/pages"}],"about":[{"href":"https:\/\/aurelielefebvre.com\/index.php\/wp-json\/wp\/v2\/types\/page"}],"author":[{"embeddable":true,"href":"https:\/\/aurelielefebvre.com\/index.php\/wp-json\/wp\/v2\/users\/1"}],"replies":[{"embeddable":true,"href":"https:\/\/aurelielefebvre.com\/index.php\/wp-json\/wp\/v2\/comments?post=74"}],"version-history":[{"count":20,"href":"https:\/\/aurelielefebvre.com\/index.php\/wp-json\/wp\/v2\/pages\/74\/revisions"}],"predecessor-version":[{"id":697,"href":"https:\/\/aurelielefebvre.com\/index.php\/wp-json\/wp\/v2\/pages\/74\/revisions\/697"}],"wp:attachment":[{"href":"https:\/\/aurelielefebvre.com\/index.php\/wp-json\/wp\/v2\/media?parent=74"}],"curies":[{"name":"wp","href":"https:\/\/api.w.org\/{rel}","templated":true}]}}

Conseil en beauté

<ul>
<li>Vous souhaitez sublimer votre visage, apprendre à prendre soin de votre peau à la maison et découvrir les teintes qui vous mettent vraiment en valeur ?</li>
<li>Vous en avez assez que votre peau tire ou transpire après le maquillage, ou que vos cernes ressortent malgré vos efforts ?</li>
</ul>
<p>Je vous accompagne pour comprendre votre type de peau, choisir les bons produits et adopter un rituel beauté adapté à votre quotidien. Grâce à mon expérience de make-up artist et à ma formation en conseil personnalisé, je vous montre comment obtenir un teint lumineux en quelques minutes ou réaliser un maquillage plus sophistiqué selon vos envies.</p>
<p>Je propose :</p>
<ul>
<li>Cours individuels de 2 heures pour apprendre à créer votre maquillage sur mesure</li>
<li>Ateliers de 3 heures entre amis pour découvrir techniques et astuces tout en s’amusant</li>
<li>Un accompagnement personnalisé avec votre trousse de beauté pour trier vos produits et installer un nouveau rituel durable</li>
<li>Une sélection de maquillage naturel et bio (Couleur Caramel, Bio Neuf) et de produits de soin adaptés à votre peau</li>
</ul>
<p>Avec moi, vous apprendrez à vous mettre en valeur, respecter votre peau et révéler votre lumière, tout en restant fidèle à votre personnalité et à votre style.</p>
<p> </p>
<p> </p>
<p><img loading="lazy" decoding="async" class=" wp-image-350 aligncenter" src="https://aurelielefebvre.com/wp-content/uploads/2017/10/20171008_225613-300x300.jpg" alt="" width="309" height="309" srcset="https://aurelielefebvre.com/wp-content/uploads/2017/10/20171008_225613-300x300.jpg 300w, https://aurelielefebvre.com/wp-content/uploads/2017/10/20171008_225613-150x150.jpg 150w, https://aurelielefebvre.com/wp-content/uploads/2017/10/20171008_225613-768x768.jpg 768w, https://aurelielefebvre.com/wp-content/uploads/2017/10/20171008_225613-1024x1024.jpg 1024w, https://aurelielefebvre.com/wp-content/uploads/2017/10/20171008_225613-1260x1260.jpg 1260w, https://aurelielefebvre.com/wp-content/uploads/2017/10/20171008_225613-140x140.jpg 140w" sizes="(max-width: 309px) 100vw, 309px" /></p>

<div class="wp-block-image">
<figure class="aligncenter"><img loading="lazy" decoding="async" width="300" height="300" src="https://aurelielefebvre.com/wp-content/uploads/2025/01/smoky-3-1-300x300-2.jpg" alt="" class="wp-image-525" srcset="https://aurelielefebvre.com/wp-content/uploads/2025/01/smoky-3-1-300x300-2.jpg 300w, https://aurelielefebvre.com/wp-content/uploads/2025/01/smoky-3-1-300x300-2-150x150.jpg 150w, https://aurelielefebvre.com/wp-content/uploads/2025/01/smoky-3-1-300x300-2-140x140.jpg 140w" sizes="(max-width: 300px) 100vw, 300px" /></figure></div>

<div class="wp-block-image">
<figure class="aligncenter"><img loading="lazy" decoding="async" width="300" height="225" src="https://aurelielefebvre.com/wp-content/uploads/2025/01/oriental-1-300x225-1.jpg" alt="" class="wp-image-526"/></figure></div>


<p></p>



<p>Intéressée(s) ? <a href="https://aurelielefebvre.com/index.php/contact/">Contactez-moi</a> !</p>

<p>Vous souhaitez sublimer votre visage, apprendre à prendre soin de votre peau à la maison et découvrir les teintes qui vous mettent vraiment en valeur ? Vous en avez assez que votre peau tire ou transpire après le maquillage, ou que vos cernes ressortent malgré vos efforts ? Je vous accompagne pour comprendre votre type&hellip; </p>
<p class="toivo-read-more"><a href="https://aurelielefebvre.com/index.php/conseil-en-beaute/" class="more-link">Lire la suite <span class="screen-reader-text">Conseil en beauté</span></a></p>
