{"id":72,"date":"2017-10-02T01:08:58","date_gmt":"2017-10-01T23:08:58","guid":{"rendered":"http:\/\/aurelielefebvre.com\/?page_id=72"},"modified":"2026-01-27T15:06:00","modified_gmt":"2026-01-27T14:06:00","slug":"conseil-en-image","status":"publish","type":"page","link":"https:\/\/aurelielefebvre.com\/index.php\/conseil-en-image\/","title":{"rendered":"Conseil en image"},"content":{"rendered":"<ul>\n<li>Vous souhaitez \u00eatre en accord avec vous-m\u00eame et faire ressortir votre personnalit\u00e9 ?<\/li>\n<li>Vous voulez rayonner, conna\u00eetre vos couleurs et savoir adapter vos tenues \u00e0 toutes les occasions ?<\/li>\n<li>Vous voulez \u00eatre bien dans vos v\u00eatements et faire du shopping sans prise de t\u00eate ?<\/li>\n<\/ul>\n<p>Beaucoup pensent que le noir est la solution. Pourtant, bien choisies, les couleurs peuvent sublimer votre teint, valoriser votre silhouette et m\u00eame vous affiner. Je vous montre comment jouer avec votre palette pour mettre votre morphologie et votre style en lumi\u00e8re.<\/p>\n<p><em>Je vous accompagne pour : <\/em><\/p>\n<ul>\n<li>Comprendre votre corps et accepter votre image<\/li>\n<li>Apprendre \u00e0 choisir vos v\u00eatements, dans votre garde-robe ou en magasin<\/li>\n<li>D\u00e9couvrir les techniques de valorisation, adapt\u00e9es \u00e0 votre style et votre morphologie<\/li>\n<li>Oser les couleurs et harmonies pour rayonner dans votre vie priv\u00e9e et professionnelle<\/li>\n<\/ul>\n<p>Avec moi, vous prenez conscience de votre potentiel, vous gagnez confiance et autonomie, et les magasins et boutiques en ligne n\u2019auront plus de secrets pour vous !<\/p>\n<p style=\"text-align: center;\"><strong>Ma m\u00e9thode :\u00a0<\/strong><\/p>\n<p style=\"text-align: left;\"><u>Colorim\u00e9trie :<\/u><br \/>\nNous pouvons porter TOUTES les couleurs.<br \/>\nA condition de savoir porter les couleurs qui nous valorisent pr\u00e8s du visage et celles qui nous ternissent moins proche ou en accessoires.<\/p>\n<p style=\"text-align: left;\"><img loading=\"lazy\" decoding=\"async\" class=\"alignnone size-medium wp-image-318 aligncenter\" src=\"https:\/\/aurelielefebvre.com\/wp-content\/uploads\/2017\/10\/colorimetrie-300x300.jpg\" alt=\"\" width=\"300\" height=\"300\" srcset=\"https:\/\/aurelielefebvre.com\/wp-content\/uploads\/2017\/10\/colorimetrie-300x300.jpg 300w, https:\/\/aurelielefebvre.com\/wp-content\/uploads\/2017\/10\/colorimetrie-150x150.jpg 150w, https:\/\/aurelielefebvre.com\/wp-content\/uploads\/2017\/10\/colorimetrie-140x140.jpg 140w, https:\/\/aurelielefebvre.com\/wp-content\/uploads\/2017\/10\/colorimetrie.jpg 458w\" sizes=\"(max-width: 300px) 100vw, 300px\" \/><br \/>\nJe travaille avec la base or\/argent pour savoir si la personne rayonne par les couleurs chaudes ou froides, et de l\u00e0 je fais d\u00e9filer les couleurs des deux saisons chaudes ou froides, et je vois avec la cliente ce qui la valorise, puis je personnalise avec des jeux de drapping plus complets en d\u00e9tail.<\/p>\n<p style=\"text-align: left;\"><img loading=\"lazy\" decoding=\"async\" class=\"alignnone size-medium wp-image-317 aligncenter\" src=\"https:\/\/aurelielefebvre.com\/wp-content\/uploads\/2017\/10\/fhiver-225x300.jpg\" alt=\"\" width=\"225\" height=\"300\" srcset=\"https:\/\/aurelielefebvre.com\/wp-content\/uploads\/2017\/10\/fhiver-225x300.jpg 225w, https:\/\/aurelielefebvre.com\/wp-content\/uploads\/2017\/10\/fhiver-768x1024.jpg 768w, https:\/\/aurelielefebvre.com\/wp-content\/uploads\/2017\/10\/fhiver-1260x1680.jpg 1260w\" sizes=\"(max-width: 225px) 100vw, 225px\" \/><\/p>\n<p><img loading=\"lazy\" decoding=\"async\" class=\"size-medium wp-image-320 aligncenter\" src=\"https:\/\/aurelielefebvre.com\/wp-content\/uploads\/2017\/10\/saison-hiver-2-1-300x225.jpg\" alt=\"\" width=\"300\" height=\"225\" srcset=\"https:\/\/aurelielefebvre.com\/wp-content\/uploads\/2017\/10\/saison-hiver-2-1-300x225.jpg 300w, https:\/\/aurelielefebvre.com\/wp-content\/uploads\/2017\/10\/saison-hiver-2-1-768x576.jpg 768w, https:\/\/aurelielefebvre.com\/wp-content\/uploads\/2017\/10\/saison-hiver-2-1-1024x768.jpg 1024w, https:\/\/aurelielefebvre.com\/wp-content\/uploads\/2017\/10\/saison-hiver-2-1-1260x945.jpg 1260w\" sizes=\"(max-width: 300px) 100vw, 300px\" \/><\/p>\n<p style=\"text-align: left;\"><u>Morphologie du visage<\/u><br \/>\nSuivant la forme de votre visage, vous recevrez mes conseils pour adapter les formes de vos accessoires, tant les lunettes que les bijoux ou les encolures de v\u00eatements, mais aussi diverses coupes de cheveux, le tout respectant votre personnalit\u00e9, votre m\u00e9tier et vos loisirs.<\/p>\n<p><img loading=\"lazy\" decoding=\"async\" class=\"alignnone size-medium wp-image-324 aligncenter\" src=\"https:\/\/aurelielefebvre.com\/wp-content\/uploads\/2017\/10\/collier-exemple-1-169x300.jpg\" alt=\"\" width=\"169\" height=\"300\" srcset=\"https:\/\/aurelielefebvre.com\/wp-content\/uploads\/2017\/10\/collier-exemple-1-169x300.jpg 169w, https:\/\/aurelielefebvre.com\/wp-content\/uploads\/2017\/10\/collier-exemple-1.jpg 540w\" sizes=\"(max-width: 169px) 100vw, 169px\" \/><\/p>\n<p><img loading=\"lazy\" decoding=\"async\" class=\"alignnone size-medium wp-image-322 aligncenter\" src=\"https:\/\/aurelielefebvre.com\/wp-content\/uploads\/2017\/10\/lun-300x197.png\" alt=\"\" width=\"300\" height=\"197\" srcset=\"https:\/\/aurelielefebvre.com\/wp-content\/uploads\/2017\/10\/lun-300x197.png 300w, https:\/\/aurelielefebvre.com\/wp-content\/uploads\/2017\/10\/lun.png 532w\" sizes=\"(max-width: 300px) 100vw, 300px\" \/><\/p>\n<p><u>Morphologie du corps et style<\/u><br \/>\nApr\u00e8s avoir examin\u00e9 votre silhouette et observ\u00e9 votre personnalit\u00e9, je vous conseille pour adapter les v\u00eatements et mettre en valeur vos atouts.<br \/>\nSi vous pensez ne pas avoir de style, d\u00e9trompez vous, il est juste en veilleuse et je vous aiderai \u00e0 l&rsquo;affirmer.<\/p>\n<p><u>Tri du dressing\u00a0<\/u><br \/>\nLorsqu&rsquo;on regarde son dressing, nous devons savoir rapidement ce que nous voulons porter, savoir associer les couleurs et les accessoires facilement, si vous n&rsquo;avez pas cette vision, alors je vous aide.<br \/>\nJe trie vos v\u00eatements par rapport \u00e0 votre colorim\u00e9trie et votre morphologie, je vous donne des conseils pour adapter vos pi\u00e8ces qui, de base, ne vous mettent pas en valeur.<\/p>\n<p><img loading=\"lazy\" decoding=\"async\" class=\"size-medium wp-image-377 aligncenter\" src=\"https:\/\/aurelielefebvre.com\/wp-content\/uploads\/2017\/10\/armoire-224x300.jpg\" alt=\"\" width=\"224\" height=\"300\" srcset=\"https:\/\/aurelielefebvre.com\/wp-content\/uploads\/2017\/10\/armoire-224x300.jpg 224w, https:\/\/aurelielefebvre.com\/wp-content\/uploads\/2017\/10\/armoire.jpg 500w\" sizes=\"(max-width: 224px) 100vw, 224px\" \/><\/p>\n<p><u>Aide au shopping<\/u><br \/>\nRien de mieux que de savoir dans quels magasins aller selon notre morphologie et notre style.<br \/>\nJe vous dirigerai sur quel type de magasin vous pourrez vous diriger, je vous donnerai les astuces n\u00e9cessaire pour ne plus h\u00e9siter devant une pi\u00e8ce, que ce soit sur place ou en ligne.<\/p>\n<p><img loading=\"lazy\" decoding=\"async\" class=\"alignnone size-medium wp-image-331 aligncenter\" src=\"https:\/\/aurelielefebvre.com\/wp-content\/uploads\/2017\/10\/HM-2-110x300.jpg\" alt=\"\" width=\"110\" height=\"300\" srcset=\"https:\/\/aurelielefebvre.com\/wp-content\/uploads\/2017\/10\/HM-2-110x300.jpg 110w, https:\/\/aurelielefebvre.com\/wp-content\/uploads\/2017\/10\/HM-2-768x2088.jpg 768w, https:\/\/aurelielefebvre.com\/wp-content\/uploads\/2017\/10\/HM-2-377x1024.jpg 377w, https:\/\/aurelielefebvre.com\/wp-content\/uploads\/2017\/10\/HM-2.jpg 1007w\" sizes=\"(max-width: 110px) 100vw, 110px\" \/><\/p>\n<p style=\"text-align: center;\"><img loading=\"lazy\" decoding=\"async\" class=\"alignnone size-medium wp-image-332\" src=\"https:\/\/aurelielefebvre.com\/wp-content\/uploads\/2017\/10\/IMG_20160331_160610-109x300.jpg\" alt=\"\" width=\"109\" height=\"300\" srcset=\"https:\/\/aurelielefebvre.com\/wp-content\/uploads\/2017\/10\/IMG_20160331_160610-109x300.jpg 109w, https:\/\/aurelielefebvre.com\/wp-content\/uploads\/2017\/10\/IMG_20160331_160610-768x2119.jpg 768w, https:\/\/aurelielefebvre.com\/wp-content\/uploads\/2017\/10\/IMG_20160331_160610-371x1024.jpg 371w, https:\/\/aurelielefebvre.com\/wp-content\/uploads\/2017\/10\/IMG_20160331_160610.jpg 925w\" sizes=\"(max-width: 109px) 100vw, 109px\" \/><\/p>\n<p><u>Photo avant \/ apr\u00e8s :<\/u><\/p>\n<p style=\"text-align: left;\"><img loading=\"lazy\" decoding=\"async\" class=\"size-medium wp-image-313 aligncenter\" src=\"https:\/\/aurelielefebvre.com\/wp-content\/uploads\/2017\/10\/20170928_191205-300x300.jpg\" alt=\"\" width=\"300\" height=\"300\" srcset=\"https:\/\/aurelielefebvre.com\/wp-content\/uploads\/2017\/10\/20170928_191205-300x300.jpg 300w, https:\/\/aurelielefebvre.com\/wp-content\/uploads\/2017\/10\/20170928_191205-150x150.jpg 150w, https:\/\/aurelielefebvre.com\/wp-content\/uploads\/2017\/10\/20170928_191205-768x768.jpg 768w, https:\/\/aurelielefebvre.com\/wp-content\/uploads\/2017\/10\/20170928_191205-1024x1024.jpg 1024w, https:\/\/aurelielefebvre.com\/wp-content\/uploads\/2017\/10\/20170928_191205-1260x1260.jpg 1260w, https:\/\/aurelielefebvre.com\/wp-content\/uploads\/2017\/10\/20170928_191205-140x140.jpg 140w\" sizes=\"(max-width: 300px) 100vw, 300px\" \/><\/p>\n<p style=\"text-align: left;\"><img loading=\"lazy\" decoding=\"async\" class=\"size-medium wp-image-333 aligncenter\" src=\"https:\/\/aurelielefebvre.com\/wp-content\/uploads\/2017\/10\/20170928_191126-1-300x300.jpg\" alt=\"\" width=\"300\" height=\"300\" srcset=\"https:\/\/aurelielefebvre.com\/wp-content\/uploads\/2017\/10\/20170928_191126-1-300x300.jpg 300w, https:\/\/aurelielefebvre.com\/wp-content\/uploads\/2017\/10\/20170928_191126-1-150x150.jpg 150w, https:\/\/aurelielefebvre.com\/wp-content\/uploads\/2017\/10\/20170928_191126-1-768x768.jpg 768w, https:\/\/aurelielefebvre.com\/wp-content\/uploads\/2017\/10\/20170928_191126-1-1024x1024.jpg 1024w, https:\/\/aurelielefebvre.com\/wp-content\/uploads\/2017\/10\/20170928_191126-1-1260x1260.jpg 1260w, https:\/\/aurelielefebvre.com\/wp-content\/uploads\/2017\/10\/20170928_191126-1-140x140.jpg 140w\" sizes=\"(max-width: 300px) 100vw, 300px\" \/><\/p>\n<p><img loading=\"lazy\" decoding=\"async\" class=\"size-medium wp-image-315 aligncenter\" src=\"https:\/\/aurelielefebvre.com\/wp-content\/uploads\/2017\/10\/20170928_191141-300x300.jpg\" alt=\"\" width=\"300\" height=\"300\" srcset=\"https:\/\/aurelielefebvre.com\/wp-content\/uploads\/2017\/10\/20170928_191141-300x300.jpg 300w, https:\/\/aurelielefebvre.com\/wp-content\/uploads\/2017\/10\/20170928_191141-150x150.jpg 150w, https:\/\/aurelielefebvre.com\/wp-content\/uploads\/2017\/10\/20170928_191141-768x768.jpg 768w, https:\/\/aurelielefebvre.com\/wp-content\/uploads\/2017\/10\/20170928_191141-1024x1024.jpg 1024w, https:\/\/aurelielefebvre.com\/wp-content\/uploads\/2017\/10\/20170928_191141-1260x1260.jpg 1260w, https:\/\/aurelielefebvre.com\/wp-content\/uploads\/2017\/10\/20170928_191141-140x140.jpg 140w\" sizes=\"(max-width: 300px) 100vw, 300px\" \/><\/p>\n<p>Int\u00e9ress\u00e9(es) ? <a href=\"https:\/\/aurelielefebvre.com\/index.php\/contact\/\">Contactez-moi<\/a><\/p>\n","protected":false},"excerpt":{"rendered":"<p>Vous souhaitez \u00eatre en accord avec vous-m\u00eame et faire ressortir votre personnalit\u00e9 ? Vous voulez rayonner, conna\u00eetre vos couleurs et savoir adapter vos tenues \u00e0 toutes les occasions ? Vous voulez \u00eatre bien dans vos v\u00eatements et faire du shopping sans prise de t\u00eate ? Beaucoup pensent que le noir est la solution. Pourtant, bien&hellip; <\/p>\n<p class=\"toivo-read-more\"><a href=\"https:\/\/aurelielefebvre.com\/index.php\/conseil-en-image\/\" class=\"more-link\">Lire la suite <span class=\"screen-reader-text\">Conseil en image<\/span><\/a><\/p>\n","protected":false},"author":1,"featured_media":0,"parent":0,"menu_order":4,"comment_status":"closed","ping_status":"closed","template":"","meta":{"footnotes":""},"_links":{"self":[{"href":"https:\/\/aurelielefebvre.com\/index.php\/wp-json\/wp\/v2\/pages\/72"}],"collection":[{"href":"https:\/\/aurelielefebvre.com\/index.php\/wp-json\/wp\/v2\/pages"}],"about":[{"href":"https:\/\/aurelielefebvre.com\/index.php\/wp-json\/wp\/v2\/types\/page"}],"author":[{"embeddable":true,"href":"https:\/\/aurelielefebvre.com\/index.php\/wp-json\/wp\/v2\/users\/1"}],"replies":[{"embeddable":true,"href":"https:\/\/aurelielefebvre.com\/index.php\/wp-json\/wp\/v2\/comments?post=72"}],"version-history":[{"count":24,"href":"https:\/\/aurelielefebvre.com\/index.php\/wp-json\/wp\/v2\/pages\/72\/revisions"}],"predecessor-version":[{"id":714,"href":"https:\/\/aurelielefebvre.com\/index.php\/wp-json\/wp\/v2\/pages\/72\/revisions\/714"}],"wp:attachment":[{"href":"https:\/\/aurelielefebvre.com\/index.php\/wp-json\/wp\/v2\/media?parent=72"}],"curies":[{"name":"wp","href":"https:\/\/api.w.org\/{rel}","templated":true}]}}

<ul>
<li>Vous souhaitez être en accord avec vous-même et faire ressortir votre personnalité ?</li>
<li>Vous voulez rayonner, connaître vos couleurs et savoir adapter vos tenues à toutes les occasions ?</li>
<li>Vous voulez être bien dans vos vêtements et faire du shopping sans prise de tête ?</li>
</ul>
<p>Beaucoup pensent que le noir est la solution. Pourtant, bien choisies, les couleurs peuvent sublimer votre teint, valoriser votre silhouette et même vous affiner. Je vous montre comment jouer avec votre palette pour mettre votre morphologie et votre style en lumière.</p>
<p><em>Je vous accompagne pour : </em></p>
<ul>
<li>Comprendre votre corps et accepter votre image</li>
<li>Apprendre à choisir vos vêtements, dans votre garde-robe ou en magasin</li>
<li>Découvrir les techniques de valorisation, adaptées à votre style et votre morphologie</li>
<li>Oser les couleurs et harmonies pour rayonner dans votre vie privée et professionnelle</li>
</ul>
<p>Avec moi, vous prenez conscience de votre potentiel, vous gagnez confiance et autonomie, et les magasins et boutiques en ligne n’auront plus de secrets pour vous !</p>
<p style="text-align: center;"><strong>Ma méthode : </strong></p>
<p style="text-align: left;"><u>Colorimétrie :</u><br />
Nous pouvons porter TOUTES les couleurs.<br />
A condition de savoir porter les couleurs qui nous valorisent près du visage et celles qui nous ternissent moins proche ou en accessoires.</p>
<p style="text-align: left;"><img loading="lazy" decoding="async" class="alignnone size-medium wp-image-318 aligncenter" src="https://aurelielefebvre.com/wp-content/uploads/2017/10/colorimetrie-300x300.jpg" alt="" width="300" height="300" srcset="https://aurelielefebvre.com/wp-content/uploads/2017/10/colorimetrie-300x300.jpg 300w, https://aurelielefebvre.com/wp-content/uploads/2017/10/colorimetrie-150x150.jpg 150w, https://aurelielefebvre.com/wp-content/uploads/2017/10/colorimetrie-140x140.jpg 140w, https://aurelielefebvre.com/wp-content/uploads/2017/10/colorimetrie.jpg 458w" sizes="(max-width: 300px) 100vw, 300px" /><br />
Je travaille avec la base or/argent pour savoir si la personne rayonne par les couleurs chaudes ou froides, et de là je fais défiler les couleurs des deux saisons chaudes ou froides, et je vois avec la cliente ce qui la valorise, puis je personnalise avec des jeux de drapping plus complets en détail.</p>
<p style="text-align: left;"><img loading="lazy" decoding="async" class="alignnone size-medium wp-image-317 aligncenter" src="https://aurelielefebvre.com/wp-content/uploads/2017/10/fhiver-225x300.jpg" alt="" width="225" height="300" srcset="https://aurelielefebvre.com/wp-content/uploads/2017/10/fhiver-225x300.jpg 225w, https://aurelielefebvre.com/wp-content/uploads/2017/10/fhiver-768x1024.jpg 768w, https://aurelielefebvre.com/wp-content/uploads/2017/10/fhiver-1260x1680.jpg 1260w" sizes="(max-width: 225px) 100vw, 225px" /></p>
<p><img loading="lazy" decoding="async" class="size-medium wp-image-320 aligncenter" src="https://aurelielefebvre.com/wp-content/uploads/2017/10/saison-hiver-2-1-300x225.jpg" alt="" width="300" height="225" srcset="https://aurelielefebvre.com/wp-content/uploads/2017/10/saison-hiver-2-1-300x225.jpg 300w, https://aurelielefebvre.com/wp-content/uploads/2017/10/saison-hiver-2-1-768x576.jpg 768w, https://aurelielefebvre.com/wp-content/uploads/2017/10/saison-hiver-2-1-1024x768.jpg 1024w, https://aurelielefebvre.com/wp-content/uploads/2017/10/saison-hiver-2-1-1260x945.jpg 1260w" sizes="(max-width: 300px) 100vw, 300px" /></p>
<p style="text-align: left;"><u>Morphologie du visage</u><br />
Suivant la forme de votre visage, vous recevrez mes conseils pour adapter les formes de vos accessoires, tant les lunettes que les bijoux ou les encolures de vêtements, mais aussi diverses coupes de cheveux, le tout respectant votre personnalité, votre métier et vos loisirs.</p>
<p><img loading="lazy" decoding="async" class="alignnone size-medium wp-image-324 aligncenter" src="https://aurelielefebvre.com/wp-content/uploads/2017/10/collier-exemple-1-169x300.jpg" alt="" width="169" height="300" srcset="https://aurelielefebvre.com/wp-content/uploads/2017/10/collier-exemple-1-169x300.jpg 169w, https://aurelielefebvre.com/wp-content/uploads/2017/10/collier-exemple-1.jpg 540w" sizes="(max-width: 169px) 100vw, 169px" /></p>
<p><img loading="lazy" decoding="async" class="alignnone size-medium wp-image-322 aligncenter" src="https://aurelielefebvre.com/wp-content/uploads/2017/10/lun-300x197.png" alt="" width="300" height="197" srcset="https://aurelielefebvre.com/wp-content/uploads/2017/10/lun-300x197.png 300w, https://aurelielefebvre.com/wp-content/uploads/2017/10/lun.png 532w" sizes="(max-width: 300px) 100vw, 300px" /></p>
<p><u>Morphologie du corps et style</u><br />
Après avoir examiné votre silhouette et observé votre personnalité, je vous conseille pour adapter les vêtements et mettre en valeur vos atouts.<br />
Si vous pensez ne pas avoir de style, détrompez vous, il est juste en veilleuse et je vous aiderai à l&rsquo;affirmer.</p>
<p><u>Tri du dressing </u><br />
Lorsqu&rsquo;on regarde son dressing, nous devons savoir rapidement ce que nous voulons porter, savoir associer les couleurs et les accessoires facilement, si vous n&rsquo;avez pas cette vision, alors je vous aide.<br />
Je trie vos vêtements par rapport à votre colorimétrie et votre morphologie, je vous donne des conseils pour adapter vos pièces qui, de base, ne vous mettent pas en valeur.</p>
<p><img loading="lazy" decoding="async" class="size-medium wp-image-377 aligncenter" src="https://aurelielefebvre.com/wp-content/uploads/2017/10/armoire-224x300.jpg" alt="" width="224" height="300" srcset="https://aurelielefebvre.com/wp-content/uploads/2017/10/armoire-224x300.jpg 224w, https://aurelielefebvre.com/wp-content/uploads/2017/10/armoire.jpg 500w" sizes="(max-width: 224px) 100vw, 224px" /></p>
<p><u>Aide au shopping</u><br />
Rien de mieux que de savoir dans quels magasins aller selon notre morphologie et notre style.<br />
Je vous dirigerai sur quel type de magasin vous pourrez vous diriger, je vous donnerai les astuces nécessaire pour ne plus hésiter devant une pièce, que ce soit sur place ou en ligne.</p>
<p><img loading="lazy" decoding="async" class="alignnone size-medium wp-image-331 aligncenter" src="https://aurelielefebvre.com/wp-content/uploads/2017/10/HM-2-110x300.jpg" alt="" width="110" height="300" srcset="https://aurelielefebvre.com/wp-content/uploads/2017/10/HM-2-110x300.jpg 110w, https://aurelielefebvre.com/wp-content/uploads/2017/10/HM-2-768x2088.jpg 768w, https://aurelielefebvre.com/wp-content/uploads/2017/10/HM-2-377x1024.jpg 377w, https://aurelielefebvre.com/wp-content/uploads/2017/10/HM-2.jpg 1007w" sizes="(max-width: 110px) 100vw, 110px" /></p>
<p style="text-align: center;"><img loading="lazy" decoding="async" class="alignnone size-medium wp-image-332" src="https://aurelielefebvre.com/wp-content/uploads/2017/10/IMG_20160331_160610-109x300.jpg" alt="" width="109" height="300" srcset="https://aurelielefebvre.com/wp-content/uploads/2017/10/IMG_20160331_160610-109x300.jpg 109w, https://aurelielefebvre.com/wp-content/uploads/2017/10/IMG_20160331_160610-768x2119.jpg 768w, https://aurelielefebvre.com/wp-content/uploads/2017/10/IMG_20160331_160610-371x1024.jpg 371w, https://aurelielefebvre.com/wp-content/uploads/2017/10/IMG_20160331_160610.jpg 925w" sizes="(max-width: 109px) 100vw, 109px" /></p>
<p><u>Photo avant / après :</u></p>
<p style="text-align: left;"><img loading="lazy" decoding="async" class="size-medium wp-image-313 aligncenter" src="https://aurelielefebvre.com/wp-content/uploads/2017/10/20170928_191205-300x300.jpg" alt="" width="300" height="300" srcset="https://aurelielefebvre.com/wp-content/uploads/2017/10/20170928_191205-300x300.jpg 300w, https://aurelielefebvre.com/wp-content/uploads/2017/10/20170928_191205-150x150.jpg 150w, https://aurelielefebvre.com/wp-content/uploads/2017/10/20170928_191205-768x768.jpg 768w, https://aurelielefebvre.com/wp-content/uploads/2017/10/20170928_191205-1024x1024.jpg 1024w, https://aurelielefebvre.com/wp-content/uploads/2017/10/20170928_191205-1260x1260.jpg 1260w, https://aurelielefebvre.com/wp-content/uploads/2017/10/20170928_191205-140x140.jpg 140w" sizes="(max-width: 300px) 100vw, 300px" /></p>
<p style="text-align: left;"><img loading="lazy" decoding="async" class="size-medium wp-image-333 aligncenter" src="https://aurelielefebvre.com/wp-content/uploads/2017/10/20170928_191126-1-300x300.jpg" alt="" width="300" height="300" srcset="https://aurelielefebvre.com/wp-content/uploads/2017/10/20170928_191126-1-300x300.jpg 300w, https://aurelielefebvre.com/wp-content/uploads/2017/10/20170928_191126-1-150x150.jpg 150w, https://aurelielefebvre.com/wp-content/uploads/2017/10/20170928_191126-1-768x768.jpg 768w, https://aurelielefebvre.com/wp-content/uploads/2017/10/20170928_191126-1-1024x1024.jpg 1024w, https://aurelielefebvre.com/wp-content/uploads/2017/10/20170928_191126-1-1260x1260.jpg 1260w, https://aurelielefebvre.com/wp-content/uploads/2017/10/20170928_191126-1-140x140.jpg 140w" sizes="(max-width: 300px) 100vw, 300px" /></p>
<p><img loading="lazy" decoding="async" class="size-medium wp-image-315 aligncenter" src="https://aurelielefebvre.com/wp-content/uploads/2017/10/20170928_191141-300x300.jpg" alt="" width="300" height="300" srcset="https://aurelielefebvre.com/wp-content/uploads/2017/10/20170928_191141-300x300.jpg 300w, https://aurelielefebvre.com/wp-content/uploads/2017/10/20170928_191141-150x150.jpg 150w, https://aurelielefebvre.com/wp-content/uploads/2017/10/20170928_191141-768x768.jpg 768w, https://aurelielefebvre.com/wp-content/uploads/2017/10/20170928_191141-1024x1024.jpg 1024w, https://aurelielefebvre.com/wp-content/uploads/2017/10/20170928_191141-1260x1260.jpg 1260w, https://aurelielefebvre.com/wp-content/uploads/2017/10/20170928_191141-140x140.jpg 140w" sizes="(max-width: 300px) 100vw, 300px" /></p>
<p>Intéressé(es) ? <a href="https://aurelielefebvre.com/index.php/contact/">Contactez-moi</a></p>

<p>Vous souhaitez être en accord avec vous-même et faire ressortir votre personnalité ? Vous voulez rayonner, connaître vos couleurs et savoir adapter vos tenues à toutes les occasions ? Vous voulez être bien dans vos vêtements et faire du shopping sans prise de tête ? Beaucoup pensent que le noir est la solution. Pourtant, bien&hellip; </p>
<p class="toivo-read-more"><a href="https://aurelielefebvre.com/index.php/conseil-en-image/" class="more-link">Lire la suite <span class="screen-reader-text">Conseil en image</span></a></p>
