{"id":69,"date":"2017-10-02T01:05:44","date_gmt":"2017-10-01T23:05:44","guid":{"rendered":"http:\/\/aurelielefebvre.com\/?page_id=69"},"modified":"2026-02-23T10:16:55","modified_gmt":"2026-02-23T09:16:55","slug":"accueil","status":"publish","type":"page","link":"https:\/\/aurelielefebvre.com\/index.php\/accueil\/","title":{"rendered":"Qui suis-je ?"},"content":{"rendered":"\n<div class=\"wp-block-group\"><div class=\"wp-block-group__inner-container is-layout-constrained wp-block-group-is-layout-constrained\">\n<figure class=\"wp-block-gallery aligncenter has-nested-images columns-default is-cropped wp-block-gallery-1 is-layout-flex wp-block-gallery-is-layout-flex\">\n<figure class=\"wp-block-image size-large is-style-rounded\"><img loading=\"lazy\" decoding=\"async\" width=\"768\" height=\"1024\" src=\"https:\/\/aurelielefebvre.com\/wp-content\/uploads\/2026\/01\/1000085588-768x1024.jpg\" alt=\"\" class=\"wp-image-715\" srcset=\"https:\/\/aurelielefebvre.com\/wp-content\/uploads\/2026\/01\/1000085588-768x1024.jpg 768w, https:\/\/aurelielefebvre.com\/wp-content\/uploads\/2026\/01\/1000085588-225x300.jpg 225w, https:\/\/aurelielefebvre.com\/wp-content\/uploads\/2026\/01\/1000085588-1152x1536.jpg 1152w, https:\/\/aurelielefebvre.com\/wp-content\/uploads\/2026\/01\/1000085588-1536x2048.jpg 1536w, https:\/\/aurelielefebvre.com\/wp-content\/uploads\/2026\/01\/1000085588-1260x1680.jpg 1260w, https:\/\/aurelielefebvre.com\/wp-content\/uploads\/2026\/01\/1000085588-scaled.jpg 1920w\" sizes=\"(max-width: 768px) 100vw, 768px\" \/><\/figure>\n<\/figure>\n\n\n\n<p><\/p>\n\n\n\n<p><\/p>\n\n\n\n<p>Depuis toujours, je suis touch\u00e9e par la beaut\u00e9 qui se cache en chacun et fascin\u00e9e par le potentiel unique de chaque personne. <\/p>\n\n\n\n<p>Mon chemin m\u2019a conduite \u00e0 me confronter \u00e0 moi-m\u00eame, \u00e0 apprendre \u00e0 m\u2019\u00e9couter et \u00e0 accueillir pleinement qui je suis. <\/p>\n\n\n\n<p>Ces exp\u00e9riences, parfois intenses mais toujours r\u00e9v\u00e9latrices, m\u2019ont guid\u00e9e vers ma mission : accompagner chacun \u00e0 r\u00e9v\u00e9ler sa lumi\u00e8re int\u00e9rieure et sa beaut\u00e9 authentique, celle qui rayonne depuis le c\u0153ur. <\/p>\n\n\n\n<p>Dipl\u00f4m\u00e9e en conseil en image, maquillage, esth\u00e9tique et naturopathie, form\u00e9e en soins Reiki, Lahochi et praticienne en magn\u00e9tisme, je propose des soins \u00e9nerg\u00e9tiques, des ateliers entre amis et des rendez-vous personnalis\u00e9s, pour cr\u00e9er des espaces o\u00f9 l\u2019on peut se reconnecter \u00e0 soi-m\u00eame, se recentrer et s\u2019\u00e9panouir.<\/p>\n\n\n\n<p>Chaque rencontre est pens\u00e9e pour \u00eatre un moment d\u2019\u00e9coute, de douceur et de transformation, o\u00f9 votre \u00e9nergie et votre beaut\u00e9 se r\u00e9\u00e9quilibrent naturellement. <\/p>\n\n\n\n<p>J\u2019ai \u00e9galement choisi de travailler avec une gamme saine de produits de beaut\u00e9 et de maquillage, pour vous guider dans la valorisation de votre personnalit\u00e9 et de votre style, tout en respectant votre bien-\u00eatre.<\/p>\n\n\n\n<p> Mon objectif est simple et lumineux : vous aider \u00e0 vous sentir align\u00e9(e), rayonnant(e) et confiant(e), en r\u00e9v\u00e9lant la beaut\u00e9 qui vient de l\u2019int\u00e9rieur avant tout, et celle que vous souhaitez partager avec le monde. <\/p>\n\n\n\n<p><em>Parce qu\u2019en chaque personne, il y a une lumi\u00e8re unique\u2026 et mon r\u00f4le est de vous aider \u00e0 la laisser briller. <img loading=\"lazy\" decoding=\"async\" height=\"16\" width=\"16\" src=\"https:\/\/static.xx.fbcdn.net\/images\/emoji.php\/v9\/tf4\/1\/16\/2728.png\" alt=\"\u2728\"><\/em><\/p>\n<\/div><\/div>\n","protected":false},"excerpt":{"rendered":"<p>Depuis toujours, je suis touch\u00e9e par la beaut\u00e9 qui se cache en chacun et fascin\u00e9e par le potentiel unique de chaque personne. Mon chemin m\u2019a conduite \u00e0 me confronter \u00e0 moi-m\u00eame, \u00e0 apprendre \u00e0 m\u2019\u00e9couter et \u00e0 accueillir pleinement qui je suis. Ces exp\u00e9riences, parfois intenses mais toujours r\u00e9v\u00e9latrices, m\u2019ont guid\u00e9e vers ma mission :&hellip; <\/p>\n<p class=\"toivo-read-more\"><a href=\"https:\/\/aurelielefebvre.com\/index.php\/accueil\/\" class=\"more-link\">Lire la suite <span class=\"screen-reader-text\">Qui suis-je ?<\/span><\/a><\/p>\n","protected":false},"author":1,"featured_media":0,"parent":0,"menu_order":1,"comment_status":"closed","ping_status":"closed","template":"pages\/front-page.php","meta":{"footnotes":""},"_links":{"self":[{"href":"https:\/\/aurelielefebvre.com\/index.php\/wp-json\/wp\/v2\/pages\/69"}],"collection":[{"href":"https:\/\/aurelielefebvre.com\/index.php\/wp-json\/wp\/v2\/pages"}],"about":[{"href":"https:\/\/aurelielefebvre.com\/index.php\/wp-json\/wp\/v2\/types\/page"}],"author":[{"embeddable":true,"href":"https:\/\/aurelielefebvre.com\/index.php\/wp-json\/wp\/v2\/users\/1"}],"replies":[{"embeddable":true,"href":"https:\/\/aurelielefebvre.com\/index.php\/wp-json\/wp\/v2\/comments?post=69"}],"version-history":[{"count":32,"href":"https:\/\/aurelielefebvre.com\/index.php\/wp-json\/wp\/v2\/pages\/69\/revisions"}],"predecessor-version":[{"id":720,"href":"https:\/\/aurelielefebvre.com\/index.php\/wp-json\/wp\/v2\/pages\/69\/revisions\/720"}],"wp:attachment":[{"href":"https:\/\/aurelielefebvre.com\/index.php\/wp-json\/wp\/v2\/media?parent=69"}],"curies":[{"name":"wp","href":"https:\/\/api.w.org\/{rel}","templated":true}]}}

<div class="wp-block-group"><div class="wp-block-group__inner-container is-layout-constrained wp-block-group-is-layout-constrained">
<figure class="wp-block-gallery aligncenter has-nested-images columns-default is-cropped wp-block-gallery-1 is-layout-flex wp-block-gallery-is-layout-flex">
<figure class="wp-block-image size-large is-style-rounded"><img loading="lazy" decoding="async" width="768" height="1024" src="https://aurelielefebvre.com/wp-content/uploads/2026/01/1000085588-768x1024.jpg" alt="" class="wp-image-715" srcset="https://aurelielefebvre.com/wp-content/uploads/2026/01/1000085588-768x1024.jpg 768w, https://aurelielefebvre.com/wp-content/uploads/2026/01/1000085588-225x300.jpg 225w, https://aurelielefebvre.com/wp-content/uploads/2026/01/1000085588-1152x1536.jpg 1152w, https://aurelielefebvre.com/wp-content/uploads/2026/01/1000085588-1536x2048.jpg 1536w, https://aurelielefebvre.com/wp-content/uploads/2026/01/1000085588-1260x1680.jpg 1260w, https://aurelielefebvre.com/wp-content/uploads/2026/01/1000085588-scaled.jpg 1920w" sizes="(max-width: 768px) 100vw, 768px" /></figure>
</figure>



<p></p>



<p></p>



<p>Depuis toujours, je suis touchée par la beauté qui se cache en chacun et fascinée par le potentiel unique de chaque personne. </p>



<p>Mon chemin m’a conduite à me confronter à moi-même, à apprendre à m’écouter et à accueillir pleinement qui je suis. </p>



<p>Ces expériences, parfois intenses mais toujours révélatrices, m’ont guidée vers ma mission : accompagner chacun à révéler sa lumière intérieure et sa beauté authentique, celle qui rayonne depuis le cœur. </p>



<p>Diplômée en conseil en image, maquillage, esthétique et naturopathie, formée en soins Reiki, Lahochi et praticienne en magnétisme, je propose des soins énergétiques, des ateliers entre amis et des rendez-vous personnalisés, pour créer des espaces où l’on peut se reconnecter à soi-même, se recentrer et s’épanouir.</p>



<p>Chaque rencontre est pensée pour être un moment d’écoute, de douceur et de transformation, où votre énergie et votre beauté se rééquilibrent naturellement. </p>



<p>J’ai également choisi de travailler avec une gamme saine de produits de beauté et de maquillage, pour vous guider dans la valorisation de votre personnalité et de votre style, tout en respectant votre bien-être.</p>



<p> Mon objectif est simple et lumineux : vous aider à vous sentir aligné(e), rayonnant(e) et confiant(e), en révélant la beauté qui vient de l’intérieur avant tout, et celle que vous souhaitez partager avec le monde. </p>



<p><em>Parce qu’en chaque personne, il y a une lumière unique… et mon rôle est de vous aider à la laisser briller. <img loading="lazy" decoding="async" height="16" width="16" src="https://static.xx.fbcdn.net/images/emoji.php/v9/tf4/1/16/2728.png" alt="✨"></em></p>
</div></div>

<p>Depuis toujours, je suis touchée par la beauté qui se cache en chacun et fascinée par le potentiel unique de chaque personne. Mon chemin m’a conduite à me confronter à moi-même, à apprendre à m’écouter et à accueillir pleinement qui je suis. Ces expériences, parfois intenses mais toujours révélatrices, m’ont guidée vers ma mission :&hellip; </p>
<p class="toivo-read-more"><a href="https://aurelielefebvre.com/index.php/accueil/" class="more-link">Lire la suite <span class="screen-reader-text">Qui suis-je ?</span></a></p>
