{"id":588,"date":"2025-02-03T21:11:16","date_gmt":"2025-02-03T20:11:16","guid":{"rendered":"http:\/\/aurelielefebvre.com\/?page_id=588"},"modified":"2026-04-16T13:26:56","modified_gmt":"2026-04-16T11:26:56","slug":"bienvenue","status":"publish","type":"page","link":"https:\/\/aurelielefebvre.com\/","title":{"rendered":"Bienvenue"},"content":{"rendered":"\n<p class=\"has-text-align-left\"><em> Ici, je vous propose des accompagnements personnalis\u00e9s pour votre \u00e9nergie, votre sant\u00e9, votre image et votre beaut\u00e9.<br>Explorez ci-dessous mes domaines d\u2019expertise et cliquez sur chacun pour en savoir plus. Chaque soin, atelier ou rendez-vous est pens\u00e9 pour vous offrir un espace bienveillant et s\u00e9curis\u00e9, o\u00f9 vous pouvez vous reconnecter \u00e0 vous-m\u00eame et r\u00e9v\u00e9ler votre lumi\u00e8re.<\/em><\/p>\n\n\n\n<p class=\"has-text-align-center\"><a href=\"https:\/\/aurelielefebvre.com\/index.php\/massage-metamorphique\/\" data-type=\"page\" data-id=\"734\">Massage m\u00e9tamorphique, Renaissance int\u00e9rieure,<\/a><\/p>\n\n\n\n<div class=\"wp-block-group is-vertical is-layout-flex wp-container-core-group-is-layout-1 wp-block-group-is-layout-flex\">\n<p>Vous souhaitez vous lib\u00e9rer de certains blocages \u00e9motionnels, l\u00e2cher prise ou traverser une p\u00e9riode de changement en douceur ?<\/p>\n\n\n\n<p>Ce soin \u00e9nerg\u00e9tique doux et profond qui agit sur les m\u00e9moires inscrites dans le corps et accompagne un processus naturel de transformation int\u00e9rieure, \u00e0 votre rythme.<\/p>\n\n\n\n<p>Il se pratique par un toucher subtil au niveau des pieds, des mains et de la t\u00eate, en lien avec la colonne vert\u00e9brale.<\/p>\n\n\n\n<p><\/p>\n\n\n\n<p><\/p>\n<\/div>\n\n\n\n<p class=\"has-text-align-center\"><a href=\"https:\/\/aurelielefebvre.com\/index.php\/soins-energetiques-magnetisme\/\" data-type=\"page\" data-id=\"654\">Soin \u00e9nerg\u00e9tique &amp; magn\u00e9tisme<\/a>,<\/p>\n\n\n\n<p>Vous souhaitez vous apaiser, rel\u00e2cher vos tensions ou r\u00e9aligner vos chakras ?<br>\u00c0 travers les soins \u00e9nerg\u00e9tiques, je vous accompagne pour r\u00e9\u00e9quilibrer votre \u00e9nergie, lib\u00e9rer les blocages et favoriser l&rsquo;harmonie de votre corps et de votre esprit. Un moment pour respirer, vous recentrer et retrouver votre vitalit\u00e9.<\/p>\n\n\n\n<p class=\"has-text-align-center\"><a href=\"https:\/\/aurelielefebvre.com\/index.php\/naturopathie\/\">Naturopathie<\/a>,<\/p>\n\n\n\n<p>Vous souhaitez comprendre vos cycles, soulager vos douleurs ou r\u00e9\u00e9quilibrer votre alimentation ?<br>Ensemble, nous explorons votre fonctionnement et adaptons votre mode de vie \u00e0 vos besoins et \u00e0 vos envies. L&rsquo;objectif : retrouver un \u00e9quilibre naturel, durable et personnalis\u00e9, tout en respectant votre rythme et votre corps.<\/p>\n\n\n\n<p class=\"has-text-align-center\"><a href=\"https:\/\/aurelielefebvre.com\/index.php\/conseil-en-image\/\">Conseil en image<\/a>,<\/p>\n\n\n\n<p>Vous avez l\u2019impression de tourner en rond devant votre dressing ? Je vous aide \u00e0 comprendre votre morphologie, valoriser votre silhouette et oser les couleurs. Que ce soit dans votre garde-robe ou en magasin, je vous guide pour cr\u00e9er un style qui vous ressemble et vous fait rayonner, tout en respectant votre personnalit\u00e9 et votre mode de vie.<\/p>\n\n\n\n<p class=\"has-text-align-center\"><a href=\"https:\/\/aurelielefebvre.com\/index.php\/conseil-en-beaute\/\">Conseil en beaut\u00e9<\/a>,<\/p>\n\n\n\n<p>Vous souhaitez r\u00e9v\u00e9ler votre teint naturel, choisir les bonnes teintes de maquillage et adopter un rituel simple et efficace ? Je vous accompagne pour apprendre \u00e0 vous mettre en valeur, avec des techniques faciles \u00e0 reproduire chez vous et des produits naturels et sains. Un moment pour vous sentir confiante, lumineuse et pleinement vous-m\u00eame.<\/p>\n\n\n\n<p>A tr\u00e8s vite !<\/p>\n\n\n\n<p>Aur\u00e9lie Lefebvre<\/p>\n\n\n\n<p class=\"has-text-align-center\"><a href=\"mailto:conseil.lilie@gmail.com\">conseil.lilie@gmail.com\u00a0<\/a><br>Gsm : 0484.605.217<br>Horaire : sur rendez-vous, en pr\u00e9sentiel ou en visuel<br>Adresse : 5020 Vedrin &#8211; 5100 Nannine &#8211; \u00e0 domicile<\/p>\n","protected":false},"excerpt":{"rendered":"<p>Ici, je vous propose des accompagnements personnalis\u00e9s pour votre \u00e9nergie, votre sant\u00e9, votre image et votre beaut\u00e9.Explorez ci-dessous mes domaines d\u2019expertise et cliquez sur chacun pour en savoir plus. Chaque soin, atelier ou rendez-vous est pens\u00e9 pour vous offrir un espace bienveillant et s\u00e9curis\u00e9, o\u00f9 vous pouvez vous reconnecter \u00e0 vous-m\u00eame et r\u00e9v\u00e9ler votre lumi\u00e8re.&hellip; <\/p>\n<p class=\"toivo-read-more\"><a href=\"https:\/\/aurelielefebvre.com\/\" class=\"more-link\">Lire la suite <span class=\"screen-reader-text\">Bienvenue<\/span><\/a><\/p>\n","protected":false},"author":1,"featured_media":0,"parent":0,"menu_order":0,"comment_status":"closed","ping_status":"closed","template":"","meta":{"footnotes":""},"_links":{"self":[{"href":"https:\/\/aurelielefebvre.com\/index.php\/wp-json\/wp\/v2\/pages\/588"}],"collection":[{"href":"https:\/\/aurelielefebvre.com\/index.php\/wp-json\/wp\/v2\/pages"}],"about":[{"href":"https:\/\/aurelielefebvre.com\/index.php\/wp-json\/wp\/v2\/types\/page"}],"author":[{"embeddable":true,"href":"https:\/\/aurelielefebvre.com\/index.php\/wp-json\/wp\/v2\/users\/1"}],"replies":[{"embeddable":true,"href":"https:\/\/aurelielefebvre.com\/index.php\/wp-json\/wp\/v2\/comments?post=588"}],"version-history":[{"count":28,"href":"https:\/\/aurelielefebvre.com\/index.php\/wp-json\/wp\/v2\/pages\/588\/revisions"}],"predecessor-version":[{"id":743,"href":"https:\/\/aurelielefebvre.com\/index.php\/wp-json\/wp\/v2\/pages\/588\/revisions\/743"}],"wp:attachment":[{"href":"https:\/\/aurelielefebvre.com\/index.php\/wp-json\/wp\/v2\/media?parent=588"}],"curies":[{"name":"wp","href":"https:\/\/api.w.org\/{rel}","templated":true}]}}

<p class="has-text-align-left"><em> Ici, je vous propose des accompagnements personnalisés pour votre énergie, votre santé, votre image et votre beauté.<br>Explorez ci-dessous mes domaines d’expertise et cliquez sur chacun pour en savoir plus. Chaque soin, atelier ou rendez-vous est pensé pour vous offrir un espace bienveillant et sécurisé, où vous pouvez vous reconnecter à vous-même et révéler votre lumière.</em></p>



<p class="has-text-align-center"><a href="https://aurelielefebvre.com/index.php/massage-metamorphique/" data-type="page" data-id="734">Massage métamorphique, Renaissance intérieure,</a></p>



<div class="wp-block-group is-vertical is-layout-flex wp-container-core-group-is-layout-1 wp-block-group-is-layout-flex">
<p>Vous souhaitez vous libérer de certains blocages émotionnels, lâcher prise ou traverser une période de changement en douceur ?</p>



<p>Ce soin énergétique doux et profond qui agit sur les mémoires inscrites dans le corps et accompagne un processus naturel de transformation intérieure, à votre rythme.</p>



<p>Il se pratique par un toucher subtil au niveau des pieds, des mains et de la tête, en lien avec la colonne vertébrale.</p>



<p></p>



<p></p>
</div>



<p class="has-text-align-center"><a href="https://aurelielefebvre.com/index.php/soins-energetiques-magnetisme/" data-type="page" data-id="654">Soin énergétique &amp; magnétisme</a>,</p>



<p>Vous souhaitez vous apaiser, relâcher vos tensions ou réaligner vos chakras ?<br>À travers les soins énergétiques, je vous accompagne pour rééquilibrer votre énergie, libérer les blocages et favoriser l&rsquo;harmonie de votre corps et de votre esprit. Un moment pour respirer, vous recentrer et retrouver votre vitalité.</p>



<p class="has-text-align-center"><a href="https://aurelielefebvre.com/index.php/naturopathie/">Naturopathie</a>,</p>



<p>Vous souhaitez comprendre vos cycles, soulager vos douleurs ou rééquilibrer votre alimentation ?<br>Ensemble, nous explorons votre fonctionnement et adaptons votre mode de vie à vos besoins et à vos envies. L&rsquo;objectif : retrouver un équilibre naturel, durable et personnalisé, tout en respectant votre rythme et votre corps.</p>



<p class="has-text-align-center"><a href="https://aurelielefebvre.com/index.php/conseil-en-image/">Conseil en image</a>,</p>



<p>Vous avez l’impression de tourner en rond devant votre dressing ? Je vous aide à comprendre votre morphologie, valoriser votre silhouette et oser les couleurs. Que ce soit dans votre garde-robe ou en magasin, je vous guide pour créer un style qui vous ressemble et vous fait rayonner, tout en respectant votre personnalité et votre mode de vie.</p>



<p class="has-text-align-center"><a href="https://aurelielefebvre.com/index.php/conseil-en-beaute/">Conseil en beauté</a>,</p>



<p>Vous souhaitez révéler votre teint naturel, choisir les bonnes teintes de maquillage et adopter un rituel simple et efficace ? Je vous accompagne pour apprendre à vous mettre en valeur, avec des techniques faciles à reproduire chez vous et des produits naturels et sains. Un moment pour vous sentir confiante, lumineuse et pleinement vous-même.</p>



<p>A très vite !</p>



<p>Aurélie Lefebvre</p>



<p class="has-text-align-center"><a href="mailto:conseil.lilie@gmail.com">conseil.lilie@gmail.com </a><br>Gsm : 0484.605.217<br>Horaire : sur rendez-vous, en présentiel ou en visuel<br>Adresse : 5020 Vedrin &#8211; 5100 Nannine &#8211; à domicile</p>

<p>Ici, je vous propose des accompagnements personnalisés pour votre énergie, votre santé, votre image et votre beauté.Explorez ci-dessous mes domaines d’expertise et cliquez sur chacun pour en savoir plus. Chaque soin, atelier ou rendez-vous est pensé pour vous offrir un espace bienveillant et sécurisé, où vous pouvez vous reconnecter à vous-même et révéler votre lumière.&hellip; </p>
<p class="toivo-read-more"><a href="https://aurelielefebvre.com/" class="more-link">Lire la suite <span class="screen-reader-text">Bienvenue</span></a></p>
